{"id":672,"date":"2017-02-01T16:30:30","date_gmt":"2017-02-01T21:30:30","guid":{"rendered":"https:\/\/pdlaworlando.com\/acerca-de\/"},"modified":"2026-09-01T15:45:52","modified_gmt":"2026-09-01T20:45:52","slug":"pedro-dearaujo","status":"publish","type":"page","link":"https:\/\/pdlaworlando.com\/es\/pedro-dearaujo\/","title":{"rendered":"Abogado Pedro Dearaujo en Orlando"},"content":{"rendered":"<div class=\"wpb-content-wrapper\">[vc_row][vc_column width=&#8221;1\/3&#8243;][vc_single_image image=&#8221;1311&#8243; img_size=&#8221;full&#8221; alignment=&#8221;center&#8221; style=&#8221;vc_box_shadow_3d&#8221; css_animation=&#8221;slideInLeft&#8221; css=&#8221;&#8221;][vc_single_image image=&#8221;1368&#8243; img_size=&#8221;full&#8221; alignment=&#8221;center&#8221; css_animation=&#8221;slideInLeft&#8221; css=&#8221;.vc_custom_1741192222804{margin-top: 40px !important;}&#8221;][\/vc_column][vc_column width=&#8221;2\/3&#8243;][vc_column_text css=&#8221;&#8221;]\n<h2>Abogado Pedro Dearaujo<\/h2>\n<p style=\"font-weight: 400;\">El abogado Pedro Dearaujo se dedica al derecho penal y de extranjer\u00eda.<\/p>\n<p style=\"font-weight: 400;\">El Sr. Dearaujo comenz\u00f3 su carrera jur\u00eddica en la Oficina del Defensor P\u00fablico, donde se ocup\u00f3 de miles de casos y dirigi\u00f3 m\u00e1s de veinte juicios con jurado. En la pr\u00e1ctica privada, el abogado Pedro Dearaujo se centra en la inmigraci\u00f3n familiar y empresarial, representando a clientes ante el Servicio de Ciudadan\u00eda e Inmigraci\u00f3n de los EE.UU., los Tribunales de Inmigraci\u00f3n y la Junta Ejecutiva de Revisi\u00f3n de Inmigraci\u00f3n, y ha representado a numerosos clientes en casos penales, como hurto menor, conducci\u00f3n sin permiso v\u00e1lido y conducci\u00f3n bajo los efectos del alcohol. El Sr. Dearaujo tambi\u00e9n ha representado a clientes en transacciones comerciales, tanto como demandante como demandado, incluyendo transacciones inmobiliarias, disputas contractuales, da\u00f1os a la propiedad y casos laborales.<\/p>\n<p style=\"font-weight: 400;\">El Sr. Dearaujo naci\u00f3 en Brasil y se traslad\u00f3 a Estados Unidos con su familia cuando era adolescente, en 1996. Tras graduarse en el instituto de Virginia, estudi\u00f3 en la Universidad George Mason de Washington D.C., donde se licenci\u00f3 en Gobierno y Pol\u00edtica Internacional. Se traslad\u00f3 a Florida en 2006 y se licenci\u00f3 en Derecho por la Florida State University College of Law.<\/p>\n<p style=\"font-weight: 400;\">El abogado Pedro Dearaujo es un profesional dedicado y comprometido con los casos de sus clientes. Entiende que sus clientes acuden a \u00e9l con problemas que afectan profundamente a sus vidas y a su futuro. El Sr. Dearaujo defender\u00e1 firmemente a sus clientes, pero cree que el civismo es el camino hacia los mejores resultados.<\/p>\n<p style=\"font-weight: 400;\">Afiliaciones:<\/p>\n<ul>\n<li>Colegio de Abogados de Florida &#8211; Tribunal Supremo del Estado de Florida<\/li>\n<li>AILA &#8211; Asociaci\u00f3n Americana de Abogados de Inmigraci\u00f3n<\/li>\n<li>OCBA &#8211; Asociaci\u00f3n de Abogados del Condado de Orange<\/li>\n<\/ul>\n[\/vc_column_text][\/vc_column][\/vc_row]\n<\/div>","protected":false},"excerpt":{"rendered":"<p>[vc_row][vc_column width=&#8221;1\/3&#8243;][vc_single_image image=&#8221;1311&#8243; img_size=&#8221;full&#8221; alignment=&#8221;center&#8221; style=&#8221;vc_box_shadow_3d&#8221; css_animation=&#8221;slideInLeft&#8221; css=&#8221;&#8221;][vc_single_image image=&#8221;1368&#8243; img_size=&#8221;full&#8221; alignment=&#8221;center&#8221; css_animation=&#8221;slideInLeft&#8221; css=&#8221;.vc_custom_1741192222804{margin-top: 40px !important;}&#8221;][\/vc_column][vc_column width=&#8221;2\/3&#8243;][vc_column_text css=&#8221;&#8221;] Abogado Pedro Dearaujo El abogado Pedro Dearaujo se dedica al derecho penal y de extranjer\u00eda. El Sr. Dearaujo comenz\u00f3 su carrera jur\u00eddica en la Oficina del Defensor P\u00fablico, donde se ocup\u00f3 de miles de casos y dirigi\u00f3 m\u00e1s de veinte juicios con jurado. En la pr\u00e1ctica privada, el abogado Pedro Dearaujo se centra en la inmigraci\u00f3n familiar y empresarial, representando a clientes ante el Servicio de Ciudadan\u00eda e Inmigraci\u00f3n de los EE.UU., los Tribunales de Inmigraci\u00f3n y la Junta Ejecutiva de Revisi\u00f3n de Inmigraci\u00f3n, y ha representado a numerosos clientes en casos penales, como hurto menor, conducci\u00f3n sin permiso v\u00e1lido y conducci\u00f3n bajo los efectos del alcohol. El Sr. Dearaujo tambi\u00e9n ha representado a clientes en transacciones comerciales, tanto como demandante como demandado, incluyendo transacciones inmobiliarias, disputas contractuales, da\u00f1os a la propiedad y casos laborales. El Sr. Dearaujo naci\u00f3 en Brasil y se traslad\u00f3 a Estados Unidos con su familia cuando era adolescente, en 1996. Tras graduarse en el instituto de Virginia, estudi\u00f3 en la Universidad George Mason de Washington D.C., donde se licenci\u00f3 en Gobierno y Pol\u00edtica Internacional. Se traslad\u00f3 a Florida en 2006 y se licenci\u00f3 en Derecho por la Florida State University College of Law. El abogado Pedro Dearaujo es un profesional dedicado y comprometido con los casos de sus clientes. Entiende que sus clientes acuden a \u00e9l con problemas que afectan profundamente a sus vidas y a su futuro. El Sr. Dearaujo defender\u00e1 firmemente a sus clientes, pero cree que el civismo es el camino hacia los mejores resultados. Afiliaciones: Colegio de Abogados de Florida &#8211; Tribunal Supremo del Estado de Florida AILA &#8211; Asociaci\u00f3n Americana de Abogados de Inmigraci\u00f3n OCBA &#8211; Asociaci\u00f3n de Abogados del Condado de Orange [\/vc_column_text][\/vc_column][\/vc_row]<\/p>\n","protected":false},"author":1,"featured_media":603,"parent":0,"menu_order":0,"comment_status":"closed","ping_status":"closed","template":"","meta":{"_seopress_titles_title":"Abogado Pedro Dearaujo en Orlando | PD Law","_seopress_titles_desc":"Conozca al abogado Pedro Dearaujo de PD Law Firm en Orlando. El bufete ayuda con inmigracion, defensa penal y asuntos comerciales.","_seopress_robots_index":"","_seopress_robots_follow":"","_seopress_robots_imageindex":"","_seopress_robots_snippet":"","_seopress_robots_primary_cat":"","_seopress_robots_breadcrumbs":"","_seopress_robots_freeze_modified_date":"","_seopress_robots_custom_modified_date":"","_seopress_robots_canonical":"","_seopress_social_fb_title":"","_seopress_social_fb_desc":"","_seopress_social_fb_img":"","_seopress_social_fb_img_attachment_id":0,"_seopress_social_fb_img_width":0,"_seopress_social_fb_img_height":0,"_seopress_social_twitter_title":"","_seopress_social_twitter_desc":"","_seopress_social_twitter_img":"","_seopress_social_twitter_img_attachment_id":0,"_seopress_social_twitter_img_width":0,"_seopress_social_twitter_img_height":0,"_seopress_redirections_value":"","_seopress_redirections_enabled":"","_seopress_redirections_enabled_regex":"","_seopress_redirections_logged_status":"ambos","_seopress_redirections_param":"","_seopress_redirections_type":301,"_seopress_analysis_target_kw":"","_seopress_news_disabled":"","_seopress_video_disabled":"","_seopress_video":[],"_seopress_pro_schemas_manual":[],"_seopress_pro_rich_snippets_disable_all":"","_seopress_pro_rich_snippets_disable":[],"_seopress_pro_schemas":[],"footnotes":""},"class_list":["post-672","page","type-page","status-publish","has-post-thumbnail","hentry","entry","post-inner"],"_links":{"self":[{"href":"https:\/\/pdlaworlando.com\/es\/wp-json\/wp\/v2\/pages\/672","targetHints":{"allow":["GET"]}}],"collection":[{"href":"https:\/\/pdlaworlando.com\/es\/wp-json\/wp\/v2\/pages"}],"about":[{"href":"https:\/\/pdlaworlando.com\/es\/wp-json\/wp\/v2\/types\/page"}],"author":[{"embeddable":true,"href":"https:\/\/pdlaworlando.com\/es\/wp-json\/wp\/v2\/users\/1"}],"replies":[{"embeddable":true,"href":"https:\/\/pdlaworlando.com\/es\/wp-json\/wp\/v2\/comments?post=672"}],"version-history":[{"count":21,"href":"https:\/\/pdlaworlando.com\/es\/wp-json\/wp\/v2\/pages\/672\/revisions"}],"predecessor-version":[{"id":1528,"href":"https:\/\/pdlaworlando.com\/es\/wp-json\/wp\/v2\/pages\/672\/revisions\/1528"}],"wp:featuredmedia":[{"embeddable":true,"href":"https:\/\/pdlaworlando.com\/es\/wp-json\/wp\/v2\/media\/603"}],"wp:attachment":[{"href":"https:\/\/pdlaworlando.com\/es\/wp-json\/wp\/v2\/media?parent=672"}],"curies":[{"name":"wp","href":"https:\/\/api.w.org\/{rel}","templated":true}]}}

<div class="wpb-content-wrapper">[vc_row][vc_column width=&#8221;1/3&#8243;][vc_single_image image=&#8221;1311&#8243; img_size=&#8221;full&#8221; alignment=&#8221;center&#8221; style=&#8221;vc_box_shadow_3d&#8221; css_animation=&#8221;slideInLeft&#8221; css=&#8221;&#8221;][vc_single_image image=&#8221;1368&#8243; img_size=&#8221;full&#8221; alignment=&#8221;center&#8221; css_animation=&#8221;slideInLeft&#8221; css=&#8221;.vc_custom_1741192222804{margin-top: 40px !important;}&#8221;][/vc_column][vc_column width=&#8221;2/3&#8243;][vc_column_text css=&#8221;&#8221;]
<h2>Abogado Pedro Dearaujo</h2>
<p style="font-weight: 400;">El abogado Pedro Dearaujo se dedica al derecho penal y de extranjería.</p>
<p style="font-weight: 400;">El Sr. Dearaujo comenzó su carrera jurídica en la Oficina del Defensor Público, donde se ocupó de miles de casos y dirigió más de veinte juicios con jurado. En la práctica privada, el abogado Pedro Dearaujo se centra en la inmigración familiar y empresarial, representando a clientes ante el Servicio de Ciudadanía e Inmigración de los EE.UU., los Tribunales de Inmigración y la Junta Ejecutiva de Revisión de Inmigración, y ha representado a numerosos clientes en casos penales, como hurto menor, conducción sin permiso válido y conducción bajo los efectos del alcohol. El Sr. Dearaujo también ha representado a clientes en transacciones comerciales, tanto como demandante como demandado, incluyendo transacciones inmobiliarias, disputas contractuales, daños a la propiedad y casos laborales.</p>
<p style="font-weight: 400;">El Sr. Dearaujo nació en Brasil y se trasladó a Estados Unidos con su familia cuando era adolescente, en 1996. Tras graduarse en el instituto de Virginia, estudió en la Universidad George Mason de Washington D.C., donde se licenció en Gobierno y Política Internacional. Se trasladó a Florida en 2006 y se licenció en Derecho por la Florida State University College of Law.</p>
<p style="font-weight: 400;">El abogado Pedro Dearaujo es un profesional dedicado y comprometido con los casos de sus clientes. Entiende que sus clientes acuden a él con problemas que afectan profundamente a sus vidas y a su futuro. El Sr. Dearaujo defenderá firmemente a sus clientes, pero cree que el civismo es el camino hacia los mejores resultados.</p>
<p style="font-weight: 400;">Afiliaciones:</p>
<ul>
<li>Colegio de Abogados de Florida &#8211; Tribunal Supremo del Estado de Florida</li>
<li>AILA &#8211; Asociación Americana de Abogados de Inmigración</li>
<li>OCBA &#8211; Asociación de Abogados del Condado de Orange</li>
</ul>
[/vc_column_text][/vc_column][/vc_row]
</div>

<p>[vc_row][vc_column width=&#8221;1/3&#8243;][vc_single_image image=&#8221;1311&#8243; img_size=&#8221;full&#8221; alignment=&#8221;center&#8221; style=&#8221;vc_box_shadow_3d&#8221; css_animation=&#8221;slideInLeft&#8221; css=&#8221;&#8221;][vc_single_image image=&#8221;1368&#8243; img_size=&#8221;full&#8221; alignment=&#8221;center&#8221; css_animation=&#8221;slideInLeft&#8221; css=&#8221;.vc_custom_1741192222804{margin-top: 40px !important;}&#8221;][/vc_column][vc_column width=&#8221;2/3&#8243;][vc_column_text css=&#8221;&#8221;] Abogado Pedro Dearaujo El abogado Pedro Dearaujo se dedica al derecho penal y de extranjería. El Sr. Dearaujo comenzó su carrera jurídica en la Oficina del Defensor Público, donde se ocupó de miles de casos y dirigió más de veinte juicios con jurado. En la práctica privada, el abogado Pedro Dearaujo se centra en la inmigración familiar y empresarial, representando a clientes ante el Servicio de Ciudadanía e Inmigración de los EE.UU., los Tribunales de Inmigración y la Junta Ejecutiva de Revisión de Inmigración, y ha representado a numerosos clientes en casos penales, como hurto menor, conducción sin permiso válido y conducción bajo los efectos del alcohol. El Sr. Dearaujo también ha representado a clientes en transacciones comerciales, tanto como demandante como demandado, incluyendo transacciones inmobiliarias, disputas contractuales, daños a la propiedad y casos laborales. El Sr. Dearaujo nació en Brasil y se trasladó a Estados Unidos con su familia cuando era adolescente, en 1996. Tras graduarse en el instituto de Virginia, estudió en la Universidad George Mason de Washington D.C., donde se licenció en Gobierno y Política Internacional. Se trasladó a Florida en 2006 y se licenció en Derecho por la Florida State University College of Law. El abogado Pedro Dearaujo es un profesional dedicado y comprometido con los casos de sus clientes. Entiende que sus clientes acuden a él con problemas que afectan profundamente a sus vidas y a su futuro. El Sr. Dearaujo defenderá firmemente a sus clientes, pero cree que el civismo es el camino hacia los mejores resultados. Afiliaciones: Colegio de Abogados de Florida &#8211; Tribunal Supremo del Estado de Florida AILA &#8211; Asociación Americana de Abogados de Inmigración OCBA &#8211; Asociación de Abogados del Condado de Orange [/vc_column_text][/vc_column][/vc_row]</p>
